{"id":12,"date":"2024-03-12T10:54:32","date_gmt":"2024-03-12T09:54:32","guid":{"rendered":"https:\/\/lesjambiens.be\/?page_id=12"},"modified":"2025-12-02T18:29:20","modified_gmt":"2025-12-02T17:29:20","slug":"presentation","status":"publish","type":"page","link":"https:\/\/lesjambiens.be\/","title":{"rendered":"Bienvenue"},"content":{"rendered":"<p><img loading=\"lazy\" decoding=\"async\" class=\"alignnone wp-image-985\" src=\"https:\/\/lesjambiens.be\/wp-content\/uploads\/2024\/11\/Local-copie-300x209.jpg\" alt=\"\" width=\"550\" height=\"383\" srcset=\"https:\/\/lesjambiens.be\/wp-content\/uploads\/2024\/11\/Local-copie-300x209.jpg 300w, https:\/\/lesjambiens.be\/wp-content\/uploads\/2024\/11\/Local-copie-768x536.jpg 768w, https:\/\/lesjambiens.be\/wp-content\/uploads\/2024\/11\/Local-copie-544x380.jpg 544w, https:\/\/lesjambiens.be\/wp-content\/uploads\/2024\/11\/Local-copie.jpg 841w\" sizes=\"auto, (max-width: 550px) 100vw, 550px\" \/><\/p>\n<p><strong>Quel que soit votre \u00e2ge, vous cherchez une occupation qui vous<span style=\"color: #000000;\"> sortira de l&rsquo;isolement,<\/span> de la routine &#8230;<br \/>\n<\/strong><\/p>\n<p>Notre Asbl peut vous y aider ; elle est principalement destin\u00e9e aux a\u00een\u00e9\u00b7es, mais est ouverte \u00e0 toutes et tous &#8230;<strong><br \/>\n<\/strong><\/p>\n<ul>\n<li>Elle a pour but de <span style=\"color: #000000;\">cr\u00e9er et de maintenir des liens sociaux, assurant essentiellement le bien-\u00eatre des a\u00een\u00e9(e)s, en poursuivant, au travers d&rsquo;actions interg\u00e9n\u00e9rationnelles le cas \u00e9ch\u00e9ant, les objectifs ci-apr\u00e8s : la promotion, l&rsquo;animation et la coordination d&rsquo;activit\u00e9s culturelles, sociales, sportives et ludiques.<br \/>\n<\/span><strong><br \/>\n<\/strong><\/li>\n<li><span style=\"color: #000000;\">Elle est situ\u00e9e dans un tr\u00e8s agr\u00e9able site verdoyant, le Parc Astrid \u00e0 Jambes, \u00e0 proximit\u00e9 du centre de la localit\u00e9 et est facilement accessible par tous moyens de locomotion (parking, train, bus, &#8230;).<br \/>\n<\/span><strong><br \/>\n<\/strong><\/li>\n<li>Malgr\u00e9 sa d\u00e9nomination li\u00e9e \u00e0 son origine, elle n&rsquo;est pas uniquement ouverte aux Jambois\u00b7es, mais accueille de nombreux\u00b7euses Namurois\u00b7es, et m\u00eame quelques extra-namurois\u00b7es.<\/li>\n<\/ul>\n<ul>\n<li>Actuellement, elle compte environ 500 membres et ouvre un choix tr\u00e8s vari\u00e9 d&rsquo;activit\u00e9s avec ses 18 sections.<\/li>\n<\/ul>\n<p>Elle est par ailleurs repr\u00e9sent\u00e9e au sein<span style=\"color: #000000;\"> du Conseil Consultatif Communal des A\u00een\u00e9(e)s de Namur, disposant de la sorte d&rsquo;un r\u00f4le de relais actif de sensibilisation de l&rsquo;Autorit\u00e9 communale<\/span> \u00e0 propos de diverses pr\u00e9occupations.<\/p>\n<p>&nbsp;<\/p>\n<hr \/>\n<h4><span style=\"color: #000080;\"><strong>En pratique<\/strong><\/span><\/h4>\n<p>Nous sommes une association sans but lucratif de droit priv\u00e9.<\/p>\n<p>Nos statuts sont publi\u00e9s au Moniteur Belge.<\/p>\n<p>N\u00b0 d&rsquo;entreprise :<strong> 0410.793.317.<\/strong><br \/>\nSi\u00e8ge social :<strong> Salle Materne, All\u00e9e du Parc Astrid, 30 &#8211; 5100 Jambes.<\/strong><br \/>\nAdresse \u00e9lectronique : <strong><a href=\"mailto:asbllesjambiens@gmail.com\">asbllesjambiens@gmail.com<\/a><\/strong><br \/>\nN\u00b0 de t\u00e9l : <strong>081 37.28.28<\/strong> (les <span style=\"text-decoration: underline;\"><strong>2\u00e8me<\/strong><\/span> et <span style=\"text-decoration: underline;\"><strong>4\u00e8me<\/strong><\/span> jeudis du mois de 9h \u00e0 12h) et\u00a0 <strong>0475 55.77.48<br \/>\n<\/strong>N\u00b0 de compte bancaire<strong> : BE76 1345 0135 4195<br \/>\n<\/strong><\/p>\n<p><strong>Permanences :<\/strong> les <strong>2\u00e8me<\/strong> et <strong>4\u00e8me<\/strong> jeudis ouvrables, de 09h00 \u00e0 12h00 au bureau salle Materne, Parc de Jambes.<\/p>\n<p><strong>Cotisation annuelle d\u2019affiliation \u00e0 l&rsquo;asbl : 12 \u20ac<\/strong><br \/>\nComprend l&rsquo;assurance des participant.es en cas d&rsquo;accident et donne acc\u00e8s \u00e0 toutes les sections d&rsquo;activit\u00e9s, sans pr\u00e9judice pour celles-ci de r\u00e9clamer \u00e9ventuellement une participation suppl\u00e9mentaire pour certains frais, tels que droit d&rsquo;entr\u00e9e au bassin de natation, etc&#8230;<\/p>\n<hr \/>\n<p>&nbsp;<\/p>\n<p>&nbsp;<\/p>\n<div id=\"ConnectiveDocSignExtentionInstalled\" data-extension-version=\"1.0.4\"><\/div>\n","protected":false},"excerpt":{"rendered":"<p>Quel que soit votre \u00e2ge, vous cherchez une occupation qui vous sortira de l&rsquo;isolement, de la routine &#8230; Notre Asbl peut vous y aider ; elle est principalement destin\u00e9e aux &hellip; <a href=\"https:\/\/lesjambiens.be\/\" class=\"more-link\">Lire la suite <span class=\"screen-reader-text\">Bienvenue<\/span><\/a><\/p>\n","protected":false},"author":4,"featured_media":0,"parent":0,"menu_order":0,"comment_status":"closed","ping_status":"closed","template":"","meta":{"footnotes":""},"class_list":["post-12","page","type-page","status-publish","hentry","without-featured-image"],"yoast_head":"<!-- This site is optimized with the Yoast SEO plugin v27.4 - https:\/\/yoast.com\/product\/yoast-seo-wordpress\/ -->\n<title>Les Jambiens asbl<\/title>\n<meta name=\"description\" content=\"Les Jambiens (Namur) proposent des activit\u00e9s sociales, culturelles sportives, ludiques,... \u00e0 destination des a\u00een\u00e9s mais pas seulement !\" \/>\n<meta name=\"robots\" content=\"index, follow, max-snippet:-1, max-image-preview:large, max-video-preview:-1\" \/>\n<link rel=\"canonical\" href=\"https:\/\/lesjambiens.be\/\" \/>\n<meta property=\"og:locale\" content=\"fr_FR\" \/>\n<meta property=\"og:type\" content=\"article\" \/>\n<meta property=\"og:title\" content=\"Les Jambiens asbl\" \/>\n<meta property=\"og:description\" content=\"Les Jambiens (Namur) proposent des activit\u00e9s sociales, culturelles sportives, ludiques,... \u00e0 destination des a\u00een\u00e9s mais pas seulement !\" \/>\n<meta property=\"og:url\" content=\"https:\/\/lesjambiens.be\/\" \/>\n<meta property=\"og:site_name\" content=\"Les Jambiens\" \/>\n<meta property=\"article:modified_time\" content=\"2025-12-02T17:29:20+00:00\" \/>\n<meta property=\"og:image\" content=\"http:\/\/lesjambiens.be\/wp-content\/uploads\/2024\/11\/Local-copie-300x209.jpg\" \/>\n<meta name=\"twitter:card\" content=\"summary_large_image\" \/>\n<meta name=\"twitter:label1\" content=\"Dur\u00e9e de lecture estim\u00e9e\" \/>\n\t<meta name=\"twitter:data1\" content=\"2 minutes\" \/>\n<script type=\"application\/ld+json\" class=\"yoast-schema-graph\">{\"@context\":\"https:\\\/\\\/schema.org\",\"@graph\":[{\"@type\":\"WebPage\",\"@id\":\"https:\\\/\\\/lesjambiens.be\\\/\",\"url\":\"https:\\\/\\\/lesjambiens.be\\\/\",\"name\":\"Les Jambiens asbl\",\"isPartOf\":{\"@id\":\"https:\\\/\\\/lesjambiens.be\\\/#website\"},\"primaryImageOfPage\":{\"@id\":\"https:\\\/\\\/lesjambiens.be\\\/#primaryimage\"},\"image\":{\"@id\":\"https:\\\/\\\/lesjambiens.be\\\/#primaryimage\"},\"thumbnailUrl\":\"http:\\\/\\\/lesjambiens.be\\\/wp-content\\\/uploads\\\/2024\\\/11\\\/Local-copie-300x209.jpg\",\"datePublished\":\"2024-03-12T09:54:32+00:00\",\"dateModified\":\"2025-12-02T17:29:20+00:00\",\"description\":\"Les Jambiens (Namur) proposent des activit\u00e9s sociales, culturelles sportives, ludiques,... \u00e0 destination des a\u00een\u00e9s mais pas seulement !\",\"breadcrumb\":{\"@id\":\"https:\\\/\\\/lesjambiens.be\\\/#breadcrumb\"},\"inLanguage\":\"fr-FR\",\"potentialAction\":[{\"@type\":\"ReadAction\",\"target\":[\"https:\\\/\\\/lesjambiens.be\\\/\"]}]},{\"@type\":\"ImageObject\",\"inLanguage\":\"fr-FR\",\"@id\":\"https:\\\/\\\/lesjambiens.be\\\/#primaryimage\",\"url\":\"https:\\\/\\\/lesjambiens.be\\\/wp-content\\\/uploads\\\/2024\\\/11\\\/Local-copie.jpg\",\"contentUrl\":\"https:\\\/\\\/lesjambiens.be\\\/wp-content\\\/uploads\\\/2024\\\/11\\\/Local-copie.jpg\",\"width\":841,\"height\":587},{\"@type\":\"BreadcrumbList\",\"@id\":\"https:\\\/\\\/lesjambiens.be\\\/#breadcrumb\",\"itemListElement\":[{\"@type\":\"ListItem\",\"position\":1,\"name\":\"Accueil\",\"item\":\"https:\\\/\\\/lesjambiens.be\\\/\"},{\"@type\":\"ListItem\",\"position\":2,\"name\":\"Bienvenue\"}]},{\"@type\":\"WebSite\",\"@id\":\"https:\\\/\\\/lesjambiens.be\\\/#website\",\"url\":\"https:\\\/\\\/lesjambiens.be\\\/\",\"name\":\"Les Jambiens\",\"description\":\"Activit\u00e9s pour les a\u00een\u00e9s \u00e0 Namur\",\"potentialAction\":[{\"@type\":\"SearchAction\",\"target\":{\"@type\":\"EntryPoint\",\"urlTemplate\":\"https:\\\/\\\/lesjambiens.be\\\/?s={search_term_string}\"},\"query-input\":{\"@type\":\"PropertyValueSpecification\",\"valueRequired\":true,\"valueName\":\"search_term_string\"}}],\"inLanguage\":\"fr-FR\"}]}<\/script>\n<!-- \/ Yoast SEO plugin. -->","yoast_head_json":{"title":"Les Jambiens asbl","description":"Les Jambiens (Namur) proposent des activit\u00e9s sociales, culturelles sportives, ludiques,... \u00e0 destination des a\u00een\u00e9s mais pas seulement !","robots":{"index":"index","follow":"follow","max-snippet":"max-snippet:-1","max-image-preview":"max-image-preview:large","max-video-preview":"max-video-preview:-1"},"canonical":"https:\/\/lesjambiens.be\/","og_locale":"fr_FR","og_type":"article","og_title":"Les Jambiens asbl","og_description":"Les Jambiens (Namur) proposent des activit\u00e9s sociales, culturelles sportives, ludiques,... \u00e0 destination des a\u00een\u00e9s mais pas seulement !","og_url":"https:\/\/lesjambiens.be\/","og_site_name":"Les Jambiens","article_modified_time":"2025-12-02T17:29:20+00:00","og_image":[{"url":"http:\/\/lesjambiens.be\/wp-content\/uploads\/2024\/11\/Local-copie-300x209.jpg","type":"","width":"","height":""}],"twitter_card":"summary_large_image","twitter_misc":{"Dur\u00e9e de lecture estim\u00e9e":"2 minutes"},"schema":{"@context":"https:\/\/schema.org","@graph":[{"@type":"WebPage","@id":"https:\/\/lesjambiens.be\/","url":"https:\/\/lesjambiens.be\/","name":"Les Jambiens asbl","isPartOf":{"@id":"https:\/\/lesjambiens.be\/#website"},"primaryImageOfPage":{"@id":"https:\/\/lesjambiens.be\/#primaryimage"},"image":{"@id":"https:\/\/lesjambiens.be\/#primaryimage"},"thumbnailUrl":"http:\/\/lesjambiens.be\/wp-content\/uploads\/2024\/11\/Local-copie-300x209.jpg","datePublished":"2024-03-12T09:54:32+00:00","dateModified":"2025-12-02T17:29:20+00:00","description":"Les Jambiens (Namur) proposent des activit\u00e9s sociales, culturelles sportives, ludiques,... \u00e0 destination des a\u00een\u00e9s mais pas seulement !","breadcrumb":{"@id":"https:\/\/lesjambiens.be\/#breadcrumb"},"inLanguage":"fr-FR","potentialAction":[{"@type":"ReadAction","target":["https:\/\/lesjambiens.be\/"]}]},{"@type":"ImageObject","inLanguage":"fr-FR","@id":"https:\/\/lesjambiens.be\/#primaryimage","url":"https:\/\/lesjambiens.be\/wp-content\/uploads\/2024\/11\/Local-copie.jpg","contentUrl":"https:\/\/lesjambiens.be\/wp-content\/uploads\/2024\/11\/Local-copie.jpg","width":841,"height":587},{"@type":"BreadcrumbList","@id":"https:\/\/lesjambiens.be\/#breadcrumb","itemListElement":[{"@type":"ListItem","position":1,"name":"Accueil","item":"https:\/\/lesjambiens.be\/"},{"@type":"ListItem","position":2,"name":"Bienvenue"}]},{"@type":"WebSite","@id":"https:\/\/lesjambiens.be\/#website","url":"https:\/\/lesjambiens.be\/","name":"Les Jambiens","description":"Activit\u00e9s pour les a\u00een\u00e9s \u00e0 Namur","potentialAction":[{"@type":"SearchAction","target":{"@type":"EntryPoint","urlTemplate":"https:\/\/lesjambiens.be\/?s={search_term_string}"},"query-input":{"@type":"PropertyValueSpecification","valueRequired":true,"valueName":"search_term_string"}}],"inLanguage":"fr-FR"}]}},"_links":{"self":[{"href":"https:\/\/lesjambiens.be\/index.php\/wp-json\/wp\/v2\/pages\/12","targetHints":{"allow":["GET"]}}],"collection":[{"href":"https:\/\/lesjambiens.be\/index.php\/wp-json\/wp\/v2\/pages"}],"about":[{"href":"https:\/\/lesjambiens.be\/index.php\/wp-json\/wp\/v2\/types\/page"}],"author":[{"embeddable":true,"href":"https:\/\/lesjambiens.be\/index.php\/wp-json\/wp\/v2\/users\/4"}],"replies":[{"embeddable":true,"href":"https:\/\/lesjambiens.be\/index.php\/wp-json\/wp\/v2\/comments?post=12"}],"version-history":[{"count":39,"href":"https:\/\/lesjambiens.be\/index.php\/wp-json\/wp\/v2\/pages\/12\/revisions"}],"predecessor-version":[{"id":1535,"href":"https:\/\/lesjambiens.be\/index.php\/wp-json\/wp\/v2\/pages\/12\/revisions\/1535"}],"wp:attachment":[{"href":"https:\/\/lesjambiens.be\/index.php\/wp-json\/wp\/v2\/media?parent=12"}],"curies":[{"name":"wp","href":"https:\/\/api.w.org\/{rel}","templated":true}]}}